(-16).
-41
Let m(d) = -211*d - 1057. Give m(-5).
-2
Let x(s) = 138*s + 1383. Calculate x(-10).
3
Let a(c) = 4776*c + 76414. Calculate a(-16).
-2
Let t(c) = 57*c + 1779. Give t(-32).
-45
Let j(w) = 3*w**2 + 512*w + 8109. Determine j(-153).
0
Let n(k) = 596*k - 1070. Calculate n(2).
122
Let h(t) = -6*t**3 - 40*t**2 - 19*t - 62. Calculate h(-4).
-242
Let n(u) = -104*u - 93. Determine n(-1).
11
Let r(g) = g**2 - 207*g - 625. What is r(-3)?
5
Let k(m) = -m**3 - 48*m**2 - 7*m - 327. Determine k(-48).
9
Let f(a) = a**3 + 6*a**2 - 12*a - 91. What is f(-5)?
-6
Let a(g) = -g**3 + 73*g**2 + 1980*g - 563. What is a(94)?
1
Let y(p) = p**3 - 91*p**2 + 349*p - 20. Give y(4).
-16
Let p(r) = -2*r**3 + 73*r**2 - 32*r - 131. Calculate p(36).
13
Let z(n) = -42*n + 283. What is z(7)?
-11
Let f(n) = -n**2 + 140*n - 412. Determine f(137).
-1
Let u(k) = -4788*k - 363891. What is u(-76)?
-3
Let a(b) = 24*b + 40. What is a(-10)?
-200
Let s(m) = 3*m**2 - 76*m - 1346. Calculate s(-12).
-2
Let t(x) = 65*x - 4629. Calculate t(71).
-14
Let w(q) = -q**2 + 178*q + 2518. Determine w(-13).
35
Let b(u) = -268*u + 3766. Determine b(14).
14
Let b(z) = z**3 - 29*z**2 + 50*z - 1452. Give b(29).
-2
Let v(o) = 81*o - 81. What is v(4)?
243
Let n(q) = 47*q - 491. Give n(11).
26
Let h(u) = -135*u**2 + 4*u + 1. What is h(-2)?
-547
Let x(i) = -9*i**3 + 82*i**2 - 5*i - 40. Determine x(9).
-4
Let j(g) = 6967*g - 6968. Give j(1).
-1
Let u(j) = 3*j**2 + 591*j - 10910. What is u(17)?
4
Let z(g) = g**3 - 19*g**2 + 36*g - 29. What is z(17)?
5
Let v(w) = w - 10. Calculate v(16).
6
Let k(c) = 3227*c + 19274. Give k(-6).
-88
Let o(w) = 158*w + 64458. Determine o(-408).
-6
Let u(c) = c**2 + 23*c - 459. Give u(13).
9
Let g(p) = p**2 - 17*p - 176. Determine g(-7).
-8
Let p(g) = -204*g + 3063. Calculate p(15).
3
Let c(z) = -8*z**3 - 208*z**2 - 6*z - 161. Give c(-26).
-5
Let m(j) = j**2 + 909*j + 17776. Determine m(-20).
-4
Let l(i) = i**3 - 55*i**2 - 56*i + 69. Calculate l(56).
69
Let v(a) = 88*a + 10382. What is v(-118)?
-2
Let k(t) = 10*t**2 - 678*t + 532. Give k(67).
-4
Let o(u) = -5*u**2 + 203*u - 202. Determine o(1).
-4
Let c(j) = 2*j**3 - 4*j**2 - 4*j + 6. Give c(-4).
-170
Let l(m) = 11*m**2 - 71*m - 56. Determine l(-5).
574
Let u(q) = 6*q**2 - 240*q + 870. What is u(36)?
6
Let m(q) = 12*q**2 - 495*q + 139. Give m(41).
16
Let z(q) = 2*q**3 + 102*q**2 + 93*q - 338. Determine z(-50).
12
Let j(i) = -3*i**3 - 603*i**2 + 1849*i + 2650. What is j(-204)?
-2
Let w(t) = -3577*t - 17916. What is w(-5)?
-31
Let s(j) = -15*j - 86. Determine s(-8).
34
Let u(w) = -570*w + 1140. Give u(2).
0
Let y(n) = -82*n - 9. Calculate y(-3).
237
Let r(f) = 1039*f - 3096. Give r(3).
21
Let m(b) = 3*b**2 + 189*b - 61. Calculate m(-63).
-61
Let j(g) = 56*g + 1409. Determine j(-25).
9
Let r(y) = -117*y - 1710. Determine r(-15).
45
Let l(w) = -525*w**2 - 17327*w - 47. Give l(-33).
19
Let h(l) = -l**3 + 47*l**2 + 101*l - 147. Give h(49).
0
Let c(y) = -y**3 - 31*y**2 - 30*y - 26. Calculate c(-30).
-26
Let a(k) = k**3 - 3*k**2 - 233*k + 17. Determine a(-14).
-53
Let s(j) = j**2 + 3*j - 107. Determine s(8).
-19
Let w(a) = 6*a**2 - 705*a + 992. What is w(116)?
-52
Let v(m) = 283*m + 1580. What is v(-6)?
-118
Let s(i) = -219*i + 60864. Calculate s(278).
-18
Let x(d) = 2*d**3 - 124*d**2 + 866*d - 99. Give x(54).
9
Let q(a) = -90*a - 65. Calculate q(1).
-155
Let y(h) = 7*h**3 + 3*h**2 + 51*h - 56. What is y(1)?
5
Let p(q) = 2*q + 80. Determine p(34).
148
Let m(s) = s**3 - 18*s**2 + 35*s - 613. Give m(18).
17
Let y(g) = 77*g - 974. Determine y(22).
720
Let j(p) = p**3 - 7*p**2 + 31*p - 57. Calculate j(4).
19
Let v(r) = r**3 - 14*r**2 - 21*r + 260. Give v(15).
170
Let w(l) = l**3 + 23*l**2 - 502*l + 29. Calculate w(14).
253
Let z(d) = -2191*d - 8750. Calculate z(-4).
14
Let d(t) = -113*t + 1117. Determine d(10).
-13
Let h(s) = 307*s - 21783. What is h(71)?
14
Let s(i) = 3*i**3 - 6*i**2 - 3*i + 5. What is s(-3)?
-121
Let w(h) = -h**3 - 38*h**2 - 311*h + 5. What is w(-12)?
-7
Let w(y) = 3*y**2 - y. Determine w(5).
70
Let u(v) = -597*v + 2996. Calculate u(5).
11
Let n(t) = -2*t**2 - 13*t - 34. Determine n(-4).
-14
Let j(w) = w**3 + 11*w**2 - 36*w - 102. Calculate j(-2).
6
Let g(z) = -15*z**2 - 75*z + 3. Determine g(-6).
-87
Let p(w) = -w**3 - 8*w**2 + 11*w + 32. What is p(-8)?
-56
Let o(s) = -s**2 + 35*s - 92. What is o(32)?
4
Let i(g) = -53*g + 3067. What is i(57)?
46
Let f(l) = l**2 - 415*l - 4681. Give f(-11).
5
Let b(t) = -56*t**3 + 3*t**2 + 25*t + 23. Calculate b(-1).
57
Let w(t) = t**3 - 4*t**2 - 15*t - 73. Determine w(7).
-31
Let g(o) = 3*o**3 + 470*o**2 + 309*o - 467. What is g(-156)?
1
Let m(p) = p**2 + 223*p + 12089. Calculate m(-93).
-1
Let t(v) = 73*v - 1112. Give t(16).
56
Let j(r) = -55*r**2 + 14*r + 23. Give j(-2).
-225
Let i(m) = 2*m**3 - 19*m**2 + 11*m - 15. Give i(8).
-119
Let j(f) = -2*f**3 - 75*f**2 + 30*f - 281. Give j(-38).
23
Let n(x) = -264*x - 64. Determine n(0).
-64
Let x(f) = -f**3 - 23*f**2 - 43*f - 33. Give x(-21).
-12
Let h(l) = l**3 + 17*l**2 + 32*l + 5. Calculate h(-15).
-25
Let a(l) = l**3 - 27*l**2 + 166*l + 69. Determine a(17).
1
Let n(i) = i**2 - 65*i - 194. Calculate n(-3).
10
Let f(k) = -k**3 - 11*k**2 - 2*k - 29. Calculate f(-11).
-7
Let k(y) = -8*y**3 + 8*y**2 - 39*y + 57. What is k(2)?
-53
Let o(v) = v**2 + 12*v - 102. Give o(4).
-38
Let k(b) = 2*b**3 + 12*b**2 + 8*b - 17. Determine k(-5).
-7
Let o(g) = 7*g**2 + 72*g - 15. Determine o(-10).
-35
Let k(r) = -2*r**2 - 541*r - 9096. Calculate k(-18).
-6
Let z(i) = i**2 + 66*i + 847. What is z(-16)?
47
Let u(z) = -z**3 + 6*z**2 + 40*z - 187. Determine u(4).
5
Let i(o) = -29*o - 552. What is i(-27)?
231
Let m(o) = -o**3 - 10*o**2 + 6*o + 44. What is m(-11)?
99
Let o(k) = -14*k**3 - k**2 - 4*k - 13. What is o(-2)?
103
Let r(i) = 77*i + 1146. What is r(-15)?
-9
Let h(w) = w**2 + 115*w - 3680. What is h(26)?
-14
Let v(d) = 14*d + 615. Calculate v(-45).
-15
Let w(s) = 4*s + 66. Determine w(-24).
-30
Let k(d) = d**3 + 19*d**2 - 40*d + 48. Determine k(-20).
448
Let n(a) = 37*a - 125. Calculate n(4).
23
Let b(f) = -8*f - 112. Calculate b(-14).
0
Let i(x) = 2*x**2 - 11*x - 16. Determine i(7).
5
Let j(l) = -1101*l - 5500. Calculate j(-5).
5
Let u(l) = 34*l - 245. Give u(6).
-41
Let q(v) = -2*v**2 + 96*v - 862. Determine q(12).
2
Let j(a) = -9776*a - 39086. Determine j(-4).
18
Let t(k) = -47*k - 301. Calculate t(-6).
-19
Let j(t) = 376*t + 23996. What is j(-64)?
-68
Let y(o) = -245*o + 1451. Determine y(6).
-19
Let a(o) = o**3 + o**2 - 23*o + 10. Calculate a(-6).
-32
Let n(l) = 56*l - 237. Give n(4).
-13
Let n(y) = 17*y**2 + 44*y - 4. Calculate n(3).
281
Let d(n) = -10*n**2 - 306*n - 2230. Calculate d(-12).
2
Let p(u) = -u**3 - 15*u**2 + 3*u - 20. Give p(-15).
-65
Let h(b) = -b**2 - 520*b + 2566. Give h(5).
-59
Let r(c) = -c**2 - 61*c - 925. Give r(-34).
-7
Let d(n) = -4198*n - 11. Calculate d(0).
-11
Let c(r) = r**2 - 36*r - 703. What is c(50)?
-3
Let r(u) = 2893*u + 60761. Calculate r(-21).
8
Let j(i) = -43*i - 181. What is j(-4)?
-9
Let o(l) = 6*l**2 - 60*l - 24. Give o(7).
-150
Let q(u) = -u**3 - 72*u**2 + 1513*u + 3. Give q(-89).
3
Let d(u) = 5*u + 246. Determine d(-29).
101
Let p(i) = i**3 + i**2 - 517*i + 1989. Calculate p(4).
1
Let u(y) = 4*y - 91. Determine u(14).
-35
Let h(j) = j**3 - 6*j**2 + 4*j + 14. What is h(3)?
-1
Let d(l) = 11*l**2 + 7*l - 22. Determine d(5).
288
Let s(x) = -x**3 - 10*x**2 - 7*x + 68. What is s(-7)?
-30
Let b(k) = 13*k - 69. Calculate b(1).
-56
Let l(q) = -116*q + 1956. What is l(17)?
-16
Let x(n) = -n**2 + 291*n + 1459. Give x(-5).
-21
Let f(i) = -i**3 - 86*i**2 + 93*i + 75. Give f(-87).
-447
Let f(v) = 24*v - 457. Determine f(29).
239
Let v(a) = 23*a**2 - 6*a - 7. Calculate v(-2).
97
Let k(r) = -335*r - 7. Give k(0).
-7
Let b(k) = -7*k + 12. What is b(-2)?
26
Let o(g) = -5*g**3 + 32*g**2 + 434*g - 2892. Give o(7).
-1
Let r(p) = 3*p**2 - 20*p + 4. Determine r(3).
-29
Let a(m) = -3*m**3 + 29*m**2 - 34*m - 6. What is a(6)?
186
Let n(v) = v**2 + 453*v + 9947. What is n(-23)?
57
Let k(y) = 15*y**2 + 11*y - 8. Calculate k(2).
74
Let r(t) = t**2 + 27*t + 115. What is r(-20)?
-25
Let p(q) = -q**3 - 179*q**2 - 695*q + 866. Determine p(-175).
-9
Let c(d) = -d**2 + 24*d - 318. Give c(20).
-238
Let f(h) = -h**2 - 81*h - 1529. Give f(-29).